3
Suppose 0 = 5*v - 1 - 9. Suppose -4*b = -4*o + 364, v*b = 3*b + 4. List the prime factors of o.
3, 29
What are the prime factors of (-225)/(-33) - 7 - 5690544/(-132)?
2, 3, 5, 479
Let h(k) = -16*k**2 - 7*k + 16367. What are the prime factors of h(0)?
13, 1259
Let x(n) = 5*n**2 + 57*n + 6. Let u be x(-12). What are the prime factors of ((-294)/(-8))/(u/784)?
2, 7
Let h(j) = 95 + 203*j + 211*j - 12. List the prime factors of h(2).
911
Let i = 55171 - 29533. What are the prime factors of i?
2, 3, 4273
Let j(r) = 6*r**3 + 3*r**2 - 18*r - 8. Let t be j(-5). Let z = t + 1126. List the prime factors of z.
13, 41
Suppose 49095 = 32*x - 23*x. List the prime factors of x.
5, 1091
Let d(x) = -17*x - 211. Let i be d(-13). What are the prime factors of 2/(-3) - (-1585)/15*i?
2, 3, 11
Suppose 26 - 163 = -4*t - 5*q, -3*t + 3*q + 69 = 0. Let j = t - -47. Suppose -2*b - b = -4*h - 45, 5*b - 2*h - j = 0. What are the prime factors of b?
3, 5
Let j = -20 + 16. Let u(q) = q**2 + q - 3. Let g be u(j). Suppose 301 = g*v - 2*v. List the prime factors of v.
43
Suppose 4948 = 62*h - 59*h - o, -3*o - 1636 = -h. List the prime factors of h.
13, 127
Let t = 23263 - 5782. What are the prime factors of t?
3, 5827
Let o(z) = 8*z**3 - 6*z**2 + 2*z + 25. Suppose -260 + 72 = -47*d. List the prime factors of o(d).
449
Let s = -27 + 30. Suppose 0*y + 4*a - 14 = y, -a + 10 = s*y. Suppose 0 = -2*u - y*o + 310, -2*u + o - 94 + 389 = 0. List the prime factors of u.
2, 3, 5
Let n(z) = z**3 - 6*z**2 + 2*z - 15. Let m be n(7). Suppose 660 = -44*l + m*l. List the prime factors of l.
3, 5, 11
Suppose -3149*u + 143220 = -3134*u. What are the prime factors of u?
2, 7, 11, 31
Let x(h) = -16*h + h**2 + 9*h - 16 + 15*h + 12*h - 9*h. Suppose -4*k + 3*k + 6 = 0. What are the prime factors of x(k)?
2, 43
Let q = -129 + 133. Let n(y) = 26*y + 14. List the prime factors of n(q).
2, 59
Let c(x) = -x**3 - 13*x**2 - 13*x + 16. Let g be c(-9). Let r = -215 + 573. Let k = r + g. What are the prime factors of k?
167
Let g be (-156)/(-27) - ((-11)/9 + 1). Let y be 11*((-2)/3 + 142/g). List the prime factors of -5 + y + (0 - (1 - 0)).
13, 19
Let w(v) = -4*v - 107. Let k be w(-32). List the prime factors of -111*k/(-9) + 4.
263
Suppose -223*b - 165750 = -348*b. List the prime factors of b.
2, 3, 13, 17
Suppose 0 = 6*t - 5427 - 1035. List the prime factors of -2*(-6)/(36/t).
359
List the prime factors of -108 + 110 + 5692/1.
2, 3, 13, 73
Let n(r) be the second derivative of -29*r**3/6 + 9*r**2/2 + 65*r. List the prime factors of n(-2).
67
Let r = -350 - -336. Let n(k) = k**2 + 12*k + 16. What are the prime factors of n(r)?
2, 11
Let r(m) = m**3 + 8*m**2 - m + 17. Suppose -5*t = -2*g + 9, 0 = -g - 4*g - 4*t - 60. Let c be r(g). Let b = c + 106. List the prime factors of b.
131
Suppose 24*c - 56*c = -455615 + 177663. What are the prime factors of c?
2, 43, 101
Let l(c) be the second derivative of 53*c**3/6 + 23*c**2/2 - 4*c. Let w be l(8). Suppose 9*y + w = 1194. List the prime factors of y.
83
List the prime factors of (-189738)/24*(-3 + -1).
3, 83, 127
Suppose -62*t + 28750 = -16*t. Let w = t - -378. What are the prime factors of w?
17, 59
Let k(f) = -f**3 - 3*f**2 + 4*f - 3. Let t be k(-4). Let b = 43 - 30. What are the prime factors of (6*t/(-2))/(b/78)?
2, 3
Let n = 46334 + -23342. What are the prime factors of n?
2, 3, 479
Suppose k - 2*k + 7 = 2*o, 5*k - 23 = -4*o. Suppose 3*z - 3427 = -q + z, o*q = -z + 6869. Suppose 0 = -9*g - 1115 + q. List the prime factors of g.
2, 3, 43
Let s = -2447 + 4146. Let v = s - 771. What are the prime factors of v?
2, 29
Let t(r) = 4*r**2 - 4*r - 19. Let g be t(8). Suppose g = i - 166. List the prime factors of i.
7, 53
Suppose 0 = 7*c - 4*c - 201. Let f = -63 + c. What are the prime factors of f/(-14) - (1455/(-21) - 3)?
2, 3
Suppose 5*y = 4*y - 10. Let k = 44 - y. Suppose z - k + 6 = 0. List the prime factors of z.
2, 3
Let r(y) = -y**2. Let m(z) = 6*z**2 - 6*z - 13. Let t(w) = m(w) - 2*r(w). Suppose 3*p - g - 11 = -0*p, 0 = 3*p - 2*g - 7. List the prime factors of t(p).
157
Let l(o) = 4*o**2 + 19*o + 11. Let z(b) = -b**2 - 1. Let n(u) = 3*l(u) + 15*z(u). Let s be n(15). Suppose 19*a = 13*a + s. List the prime factors of a.
3, 11
Suppose -603*f + 31288 = 4*g - 607*f, 4*g = -5*f + 31288. What are the prime factors of g?
2, 3911
What are the prime factors of ((-15100)/(-8))/5*(-1360)/(-100)?
2, 17, 151
Let f = -94 - -97. Suppose -f*w + 580 + 464 = 0. What are the prime factors of w?
2, 3, 29
Suppose 0 = -12*g + 57746 + 146290. Suppose 0 = -12*b + 5509 + g. What are the prime factors of b?
2, 7, 67
Let h be ((-577)/(-3))/((-2)/(-18)). Let m = h + -853. Suppose 4*n = -3*f + m, 191 = -5*n - 3*f + 1290. What are the prime factors of n?
13, 17
What are the prime factors of ((-414)/(-45))/(-3 - (-11567)/3855)?
3, 23, 257
Let h be (-1 - -4 - (-234)/(-27))*-6. Suppose -h*m = -51*m + 7803. List the prime factors of m.
3, 17
Suppose -3*z + 2*u + 2 = 0, 4*z - 3*u + 0*u = 3. Suppose z = 4*l - 31 + 19. What are the prime factors of ((-7)/7)/(l/(-249))?
83
Let o(h) be the third derivative of 0 + 0*h**4 + 59/6*h**3 + 0*h - 1/60*h**5 + 7*h**2. List the prime factors of o(0).
59
Suppose 2*d + 2*f = 22676, -31967 - 2005 = -3*d + 4*f. What are the prime factors of d?
2, 2833
Suppose -339*u = -302*u - 81104. List the prime factors of u.
2, 137
Suppose -2*n + 5*y - 9*y = -44900, 0 = -3*n - 5*y + 67352. List the prime factors of n.
2, 103, 109
Let y(c) = c**2 + 1. Let m(r) = 5*r + 13. Let g(d) = 5*d + 14. Let h(o) = -5*g(o) + 6*m(o). Let v(k) = h(k) + y(k). List the prime factors of v(13).
3
Suppose 17*m - 24*m = -5349 - 393567. List the prime factors of m.
2, 3, 1583
Suppose 1096*n = -3*l + 1092*n + 95723, 127703 = 4*l - 5*n. List the prime factors of l.
3, 10639
Let i be (-29263)/29 + (-122)/(-1769). Let j = -715 - i. List the prime factors of j.
2, 3, 7
Suppose -10*a - 14 = -274. Suppose -4*z = 2*s - a, -20 + 4 = z - 4*s. Suppose -4*y - 147 = -5*t, -3*y = -z*t + 2*t + 63. List the prime factors of t.
3
Let p = 105 - 110. What are the prime factors of 4728/8 + p + 0?
2, 293
Let a(b) = b**3 - 2*b**2 + 2*b - 8. Let m be a(6). Let p = 28250 + -28062. Suppose -q - 2*n + 7*n = -m, 0 = q + 5*n - p. What are the prime factors of q?
2, 3, 7
List the prime factors of 1 + 2*14759 - 13*(-24)/156.
53, 557
Suppose -2 = -0*n + 2*n, 0 = -2*l - 3*n + 21. Let q(y) = -2*y**2 + 23*y - 31. Let f be q(6). Let w = f - l. List the prime factors of w.
23
Let z(h) = -h**3 + 14*h**2 - 7*h - 4. Let d(b) = -b + 23. Let g be d(10). Let t be z(g). Let j = -47 + t. List the prime factors of j.
3
Let u(d) = d**2 + 4*d + 18. Let i = 152 + -101. Suppose -t = 5*h + 36 + 34, -5*t = 2*h + i. List the prime factors of u(h).
3, 5
Let a(s) = 212*s**2 + 40*s - 183. List the prime factors of a(4).
3, 1123
Let v = 132337 + -93469. What are the prime factors of v?
2, 3, 41, 79
Let f be -6 + 2 + 2094/(6/(-1)). Let x = 514 + f. List the prime factors of x.
7, 23
Suppose 214 = -2*l + 3*l. Suppose -z = -3*z - 2*a + l, 3*a = -z + 97. Suppose -y + z - 27 = 0. What are the prime factors of y?
5, 17
Suppose -8736 = 48*q - 41520. List the prime factors of q.
683
Suppose -3*d = 2*b + 1, 3 = 2*b + 2*d + 1. Suppose m + b*m - 2*r = -281, 4*r = -4*m - 236. Let g = -31 - m. What are the prime factors of g?
2, 13
Let f(l) = -5*l**2 - 269*l - 77. List the prime factors of f(-24).
3499
Let y(p) = 173*p**2 + 124*p + 216. List the prime factors of y(17).
52321
Let z = 387 - 382. Suppose -22*l = -z*l - 28526. List the prime factors of l.
2, 839
Let d(n) = 3 + 10*n**3 + 43*n**2 - 8 - 3*n**3 - 48*n**2 + 7*n. What are the prime factors of d(3)?
2, 5
Let r(w) = 69*w**2 - 7*w + 1. Let g be (-2 - 32/(-12))*(-5 + 11). List the prime factors of r(g).
3, 359
Suppose -16 = -47*r + 51*r. Let d(l) = -2*l**3 - l**2 + 7*l - 3. Let x be d(r). Suppose 0 = -x*j + 85*j - 612. List the prime factors of j.
3, 17
Suppose -30*d = 28*d - 38*d - 263840. List the prime factors of d.
2, 17, 97
Let f be 8 + 4 - (2 + 1). Let a(r) = -40*r - f + r - 16*r. What are the prime factors of a(-2)?
101
Let u(r) be the first derivative of 259*r**2 - 42*r + 158. List the prime factors of u(2).
2, 7, 71
Suppose 2*l + 5*p - 17452 = 0, -2*p + 3011 + 5716 = l. What are the prime factors of